pose 4*z = 8 + 4. Calculate the remainder when z is divided by g.
0
Let o be (-4)/22 + 276/66. Suppose -2*y + 5*y = 2*m - 24, o*m - 76 = -y. Let k(q) = -q**2 - 7*q. What is the remainder when m is divided by k(-5)?
8
Let v = -13 + 24. Let w(p) = p + 13. Let d be -9 - (-2 - (2 - 2)). What is the remainder when v is divided by w(d)?
5
Suppose -3*c = 4*g - 140, -g = -2*g + 4*c + 54. Let k = g + 26. What is the remainder when k is divided by (-2)/(-4) - 43/(-2)?
20
Let a(g) = g**2 + 6*g - 5. Let w be a(-7). Suppose 4*v + 9 = t, 3*v = -t + 21 + w. Calculate the remainder when 48 is divided by t.
14
Let s(j) = j**3 - 8*j**2 + 7*j + 5. Calculate the remainder when s(7) is divided by 1.
0
Suppose 4*r + 31 = v, -9 = -3*r - 24. Suppose -b = 5*p - 29, 3*b - p - v = 3*p. Calculate the remainder when 26 is divided by b.
8
What is the remainder when 53 is divided by 11/(2/2) - -3?
11
Let x = -5 - -15. Suppose -5*l + 0*l - 7 = f, 3*f = 3*l + 15. Calculate the remainder when x is divided by f.
1
Let j(t) = -7*t - 6. Let u = 16 + -6. What is the remainder when j(-5) is divided by u?
9
Let w = -10 + 56. What is the remainder when 228 is divided by w?
44
Suppose -t = 2*t - 12. Suppose j + 0*j - t*w + 9 = 0, 0 = -w + 4. Suppose 35*k = 64 + 76. Calculate the remainder when j is divided by k.
3
Suppose 0 = 3*b - 5*l, 0*l = -3*b + 2*l + 9. Let z = -5 + 8. Calculate the remainder when b is divided by z.
2
Let v(g) = -g**2 - 16*g - 9. What is the remainder when v(-14) is divided by 11?
8
Let j be 40/(-12)*(-9)/5. Suppose r - j = 20. Calculate the remainder when r is divided by 14.
12
Let o = -6 + 9. Suppose 5*u + 49 = 3*b, -29 - 16 = -o*b + 3*u. Let y(g) = -19*g. What is the remainder when y(-2) is divided by b?
12
Let n(b) be the third derivative of b**6/120 + 2*b**5/15 + b**4/3 - 5*b**3/6 + b**2. Calculate the remainder when 55 is divided by n(-6).
17
Let l(n) = 3*n**2 + 12*n - 22. What is the remainder when l(-8) is divided by 26?
22
Let a(c) = 4*c + 10. Let y be a(-7). Calculate the remainder when 3 + -5 - y - -2 is divided by 5.
3
Suppose 0 = 2*a - 35 - 13. Suppose 2 = 2*p - 2. Calculate the remainder when a is divided by ((-1)/2)/(p/(-36)).
6
Let o be 26/(-8) + 2/8. Let s = 36 + o. What is the remainder when s is divided by 17?
16
Let d = -21 - -38. Calculate the remainder when (0 + 2)*66/4 is divided by d.
16
Suppose 41 = 4*q - 5*x, 5*q - 40 = -x + 5*x. What is the remainder when 15 is divided by q?
3
What is the remainder when 4 - 66/(1 - 3) is divided by 11?
4
Let q = 14 + 16. Suppose n = 4*k - 9 - 20, 0 = -4*k - 5*n + 47. What is the remainder when q is divided by k?
6
Let d = -38 + -37. Let s = d + 133. What is the remainder when s is divided by 10?
8
Let f(r) be the second derivative of -4/3*r**3 + r**2 + 0 - 1/12*r**4 + 2*r. What is the remainder when f(-6) is divided by 8?
6
Suppose 2*n + 27 = 5*u + 142, 5*u + 15 = 0. What is the remainder when n is divided by 17?
16
Let o = 24 - 6. Let n = o + -4. Let h = 27 + -19. Calculate the remainder when n is divided by h.
6
Let v(o) = 4*o**3 + 2*o**2 - 2*o + 1. Calculate the remainder when 23 is divided by v(1).
3
Let y(x) = x**3 - 7*x**2 + 6*x + 4. Let f be y(6). Suppose -f*t = -2*t - 34. Suppose 55 + 190 = 5*k. Calculate the remainder when k is divided by t.
15
Let t(z) = z + 2. Suppose 0*m = 2*m - 4. Let g(b) = 2*b + 2. What is the remainder when g(4) is divided by t(m)?
2
Let t(q) = q**3 - 13*q**2 + 10*q - 5. Let k be t(12). Let h = -18 - k. What is the remainder when 32 is divided by h?
10
Let s(d) = 2*d**2 + 3*d - 8. Suppose 4*r + 26 = 2. Calculate the remainder when s(r) is divided by 12.
10
Let g = 46 + -24. Calculate the remainder when 62 is divided by g.
18
Let z = 1 + 31. Let y = -4 + -2. What is the remainder when z is divided by 2*11/y*-3?
10
Suppose 5*f - 23 = -y, y = 4*y + 5*f - 109. Calculate the remainder when y is divided by 22.
21
Let v(l) = 2*l**2 + 4*l + 5. What is the remainder when 23 is divided by v(-2)?
3
Suppose 4*r + 3*t - 3 = 5, -2*r + 3*t - 14 = 0. Let d = r - -12. Calculate the remainder when d is divided by 7.
4
Let l(q) = -q**3 + 5*q**2 + 7*q + 4. Calculate the remainder when 68 is divided by l(-2).
14
Suppose -4*d + 2*y = -158, d - 3*y + 114 = 4*d. Suppose 0 = z - 5*z + 5*o + 55, 3*z - 3*o - d = 0. Calculate the remainder when z is divided by 6.
4
Suppose -4*g - 5 - 4 = 5*j, 2*g - 28 = 4*j. Suppose 0 = -g*n + 3*x + 16, 6*n - 4*x = n + 19. Calculate the remainder when 20 is divided by n.
6
Let p = 105 + -50. Calculate the remainder when p is divided by 8.
7
Suppose 116 + 94 = 3*z. Calculate the remainder when z is divided by 18.
16
What is the remainder when 640/44 + 6/(-11) is divided by 4?
2
Suppose 78*l + 84 = 82*l. Calculate the remainder when 36 is divided by l.
15
Suppose 4*o - 64 = -4*h, 2*h + h - 41 = 4*o. What is the remainder when 42 is divided by h?
12
Suppose -15*m = -11*m. Suppose -d - 4*d + 120 = m. Calculate the remainder when 94 is divided by d.
22
Suppose -3*z + 168 = b - 0*b, -2*z = -2*b - 104. What is the remainder when z is divided by 14?
13
Let s(w) = w + 7. Calculate the remainder when 3 is divided by s(-6).
0
Suppose -h - 5*x - 3 + 2 = 0, 4*x = 3*h + 3. Calculate the remainder when 1/(h + (-62)/(-61)) is divided by 2/1 - (0 + -19).
19
Suppose 5 = 3*s - 3*m - 1, -2*s + 6 = -m. Suppose -8*f + q + 9 = -s*f, 24 = -f - 5*q. Calculate the remainder when 1 is divided by f.
0
Let g(a) = 22*a + 5. What is the remainder when g(3) is divided by 18?
17
Let f(w) = 2*w**3 - 6*w**2 - 2*w - 4. Let g be f(5). Suppose i - g = 3*j - 6*j, -4*i + 54 = 2*j. Calculate the remainder when j is divided by 11.
7
Let l = -10 + 22. What is the remainder when 22 is divided by l?
10
Calculate the remainder when 18 is divided by (-14)/(-3)*30/20.
4
Suppose 40 = 5*o - 2*q, -q = -3*o + 2*q + 33. Suppose -1 = 5*p - o. Let h = p + 10. Calculate the remainder when h is divided by 6.
5
Suppose -6*s = -51 - 33. What is the remainder when 137/5 - 2/5 is divided by s?
13
Let o = -124 - -222. What is the remainder when o is divided by 25?
23
Let i(p) be the third derivative of -p**4/24 + 5*p**3/6 - 2*p**2. What is the remainder when 31 is divided by i(-6)?
9
What is the remainder when 50 is divided by ((-91)/78 - (-1)/2)*-39?
24
Suppose 184 = -2*a - 2*a. Let h be 2 - (-1 + -17)/(-3). Calculate the remainder when (h + 5)/((-2)/a) is divided by 8.
7
Let p(f) = -f**2 + 12*f + 9. Let q(s) = -s**2 + 13*s + 10. Let g(r) = -5*p(r) + 4*q(r). Calculate the remainder when 14 is divided by g(9).
2
Let n = -26 + 38. What is the remainder when 35 is divided by n?
11
Let y = 192 + -5. Suppose 111 = 3*b + 3*u, 5*b + 2*u - y = -2*u. Calculate the remainder when b is divided by 10.
9
Let l(w) = -7*w + 103. Let j(b) = 4*b**3 + 2*b**2 - 4*b + 2. Let p = 5 + -3. Calculate the remainder when j(p) is divided by l(13).
10
Let a(l) = 4*l**3 - 6*l**2 - 3*l - 2. Calculate the remainder when a(3) is divided by 15.
13
Suppose 4*h + q - 162 = 0, -3*h + 2*q + 122 = 3*q. Calculate the remainder when 238 is divided by h.
38
Suppose 4*q = 8 + 44. Calculate the remainder when q is divided by 8.
5
Let f(x) = x - 2. Let i be f(-9). Let b = i - -20. Let o(h) = h**2 - 9*h + 11. What is the remainder when 19 is divided by o(b)?
8
Let u(i) = -2*i**3 - 5*i**2 - 4*i + 1. Let c be u(-6). Suppose 3*k + 6*b = 5*b + 175, c = 5*k - 2*b. What is the remainder when k is divided by 15?
12
Suppose -198 = -5*x + 102. What is the remainder when x is divided by 7?
4
Suppose 0*l - 101 = -3*b + l, l = -5*b + 163. What is the remainder when b is divided by 12?
9
Suppose 42 = 4*n - 2. Let i(l) = -l**3 + 10*l**2 + 14*l - 4. Calculate the remainder when i(n) is divided by (-3)/(-9) - (-44)/3.
14
What is the remainder when 34 is divided by -3 + 1*(0 - -12)?
7
Let r(n) = n**3 - 10*n**2 + 8*n + 3. Let y be r(9). What is the remainder when 109 is divided by 20/5*(1 - y)?
25
Suppose q - 15 = -0*q. What is the remainder when 58 is divided by q?
13
Let o = 7 + -3. Suppose 4*s - 5*s = 2*v - 88, 0 = o*v + 4*s - 168. What is the remainder when 17 is divided by v/8 + 4/16?
5
Let x = 3 + -2. Calculate the remainder when x/((-1)/(-3)) - -3 is divided by 2.
0
Let v = 395 - 230. What is the remainder when v is divided by 42?
39
Let z be (-3 + (-9)/(-3))/1. Let y(x) = x